{"id":760,"date":"2024-10-28T19:20:46","date_gmt":"2024-10-28T22:20:46","guid":{"rendered":"https:\/\/www.siebenfamily.com\/?page_id=760"},"modified":"2025-06-03T19:06:55","modified_gmt":"2025-06-03T22:06:55","slug":"accesibilidad","status":"publish","type":"page","link":"https:\/\/ipespaulofreire.edu.ar\/web\/accesibilidad\/","title":{"rendered":"Accesibilidad"},"content":{"rendered":"\n<div class=\"wp-block-columns is-layout-flex wp-container-core-columns-is-layout-28f84493 wp-block-columns-is-layout-flex\">\n<div class=\"wp-block-column is-layout-flow wp-block-column-is-layout-flow\">\n<figure class=\"wp-block-image size-large\"><img loading=\"lazy\" decoding=\"async\" width=\"1024\" height=\"1024\" src=\"http:\/\/www.ipespaulofreire.com\/web\/wp-content\/uploads\/2024\/10\/accesibilidad-1024x1024.png\" alt=\"\" class=\"wp-image-761\" srcset=\"https:\/\/ipespaulofreire.edu.ar\/web\/wp-content\/uploads\/2024\/10\/accesibilidad-1024x1024.png 1024w, https:\/\/ipespaulofreire.edu.ar\/web\/wp-content\/uploads\/2024\/10\/accesibilidad-300x300.png 300w, https:\/\/ipespaulofreire.edu.ar\/web\/wp-content\/uploads\/2024\/10\/accesibilidad-150x150.png 150w, https:\/\/ipespaulofreire.edu.ar\/web\/wp-content\/uploads\/2024\/10\/accesibilidad-768x768.png 768w, https:\/\/ipespaulofreire.edu.ar\/web\/wp-content\/uploads\/2024\/10\/accesibilidad-1536x1536.png 1536w, https:\/\/ipespaulofreire.edu.ar\/web\/wp-content\/uploads\/2024\/10\/accesibilidad.png 2000w\" sizes=\"auto, (max-width: 1024px) 100vw, 1024px\" \/><\/figure>\n<\/div>\n\n\n\n<div class=\"wp-block-column is-layout-flow wp-block-column-is-layout-flow\">\n<p>Nuestra web est\u00e1 dise\u00f1ada y desarrollada bajo los principios de accesibilidad web, siguiendo las recomendaciones de las Pautas de Accesibilidad para el Contenido Web (WCAG) establecidas por la Iniciativa de Accesibilidad Web (WAI) del W3C.<\/p>\n\n\n\n<p>Continuamente revisamos y actualizamos nuestro sitio para cumplir con las normativas y recomendaciones internacionales de accesibilidad. Si tiene alguna sugerencia o encuentra dificultades al navegar en nuestro sitio, por favor, cont\u00e1ctenos. Estamos aqu\u00ed para mejorar y hacer que la web sea un lugar accesible para todos.<\/p>\n\n\n\n<p>La inclusi\u00f3n digital es parte de nuestra misi\u00f3n, y trabajamos d\u00eda a d\u00eda para hacerla realidad.<\/p>\n<\/div>\n<\/div>\n","protected":false},"excerpt":{"rendered":"<p>Nuestra web est\u00e1 dise\u00f1ada y desarrollada bajo los principios de accesibilidad web, siguiendo las recomendaciones de las Pautas de Accesibilidad para el Contenido Web (WCAG) establecidas por la Iniciativa de Accesibilidad Web (WAI) del W3C. Continuamente revisamos y actualizamos nuestro sitio para cumplir con las normativas y recomendaciones internacionales de accesibilidad. Si tiene alguna sugerencia [&hellip;]<\/p>\n","protected":false},"author":1,"featured_media":0,"parent":0,"menu_order":0,"comment_status":"closed","ping_status":"closed","template":"","meta":{"footnotes":""},"class_list":["post-760","page","type-page","status-publish","hentry"],"_links":{"self":[{"href":"https:\/\/ipespaulofreire.edu.ar\/web\/wp-json\/wp\/v2\/pages\/760","targetHints":{"allow":["GET"]}}],"collection":[{"href":"https:\/\/ipespaulofreire.edu.ar\/web\/wp-json\/wp\/v2\/pages"}],"about":[{"href":"https:\/\/ipespaulofreire.edu.ar\/web\/wp-json\/wp\/v2\/types\/page"}],"author":[{"embeddable":true,"href":"https:\/\/ipespaulofreire.edu.ar\/web\/wp-json\/wp\/v2\/users\/1"}],"replies":[{"embeddable":true,"href":"https:\/\/ipespaulofreire.edu.ar\/web\/wp-json\/wp\/v2\/comments?post=760"}],"version-history":[{"count":1,"href":"https:\/\/ipespaulofreire.edu.ar\/web\/wp-json\/wp\/v2\/pages\/760\/revisions"}],"predecessor-version":[{"id":762,"href":"https:\/\/ipespaulofreire.edu.ar\/web\/wp-json\/wp\/v2\/pages\/760\/revisions\/762"}],"wp:attachment":[{"href":"https:\/\/ipespaulofreire.edu.ar\/web\/wp-json\/wp\/v2\/media?parent=760"}],"curies":[{"name":"wp","href":"https:\/\/api.w.org\/{rel}","templated":true}]}}