{"id":578,"date":"2024-10-02T19:15:59","date_gmt":"2024-10-02T22:15:59","guid":{"rendered":"https:\/\/www.siebenfamily.com\/?page_id=578"},"modified":"2025-08-07T19:31:48","modified_gmt":"2025-08-07T22:31:48","slug":"certificacion-docente","status":"publish","type":"page","link":"https:\/\/ipespaulofreire.edu.ar\/web\/certificacion-docente\/","title":{"rendered":"Certificaci\u00f3n Docente"},"content":{"rendered":"\n<figure class=\"wp-block-image aligncenter size-large is-resized\"><img decoding=\"async\" src=\"https:\/\/ipespaulofreire.edu.ar\/web\/wp-content\/uploads\/2024\/10\/cd.png\" alt=\"\" style=\"width:250px\"\/><\/figure>\n\n\n\n<div style=\"max-width: 800px; margin: auto; font-family: sans-serif; padding: 1rem; line-height: 1.6;\">\n  <h2>Certificaci\u00f3n Docente para la Educaci\u00f3n Secundaria<\/h2>\n\n  <p><strong>\u23f3 Duraci\u00f3n:<\/strong> 2 a\u00f1os<\/p>\n  <p><strong>\ud83c\udf93 T\u00edtulo a otorgar:<\/strong> En concurrencia con el t\u00edtulo de base, implica el acceso a la categor\u00eda docente en los espacios curriculares de acuerdo con el t\u00edtulo de base.<\/p>\n  <p><strong>\ud83d\udd52 Turno:<\/strong> Vespertino<\/p>\n\n  <h3>Normativa Nacional y Jurisdiccional<\/h3>\n  <p>La gesti\u00f3n institucional se enmarca en los lineamientos nacionales propuestos por el Ministerio de Educaci\u00f3n de la Naci\u00f3n, el Consejo Federal de Educaci\u00f3n, el Instituto Nacional de Formaci\u00f3n Docente, y las Disposiciones, Resoluciones y Decretos Ministeriales:<\/p>\n  <ul>\n    <li>Ley de Educaci\u00f3n Nacional 26.206<\/li>\n    <li>Resoluci\u00f3n CFE N\u00b0 30\/08<\/li>\n    <li>Resoluci\u00f3n CFE N\u00b0 72\/08<\/li>\n    <li>Resoluci\u00f3n M.E.C.C. y T. N\u00b0 1562\/09<\/li>\n    <li>Resoluci\u00f3n M.E.C.C. y T. N\u00b0 0433\/2010<\/li>\n    <li>Resoluci\u00f3n MECCyT N\u00ba 554\/2020<\/li>\n  <\/ul>\n\n  <h3>Perfil del Egresado\/a<\/h3>\n  <p>Se pretende que el\/la egresado\/a de este trayecto formativo ser\u00e1 capaz de:<\/p>\n  <ul>\n<li>Dise\u00f1ar un programa de ense\u00f1anza eficaz e innovador de su disciplina.<\/li>\n<li>Construir instrumentos que permitan una evaluaci\u00f3n aut\u00e9ntica y formativa.<\/li>\n<li>Seleccionar cr\u00edticamente la utilizaci\u00f3n de recursos y tecnolog\u00edas como herramientas potenciadoras de la ense\u00f1anza.<\/li>\n<li>Reflexionar sobre su propia praxis docente a trav\u00e9s del intercambio de aspectos pedag\u00f3gicos-did\u00e1cticos con sus pares para el fortalecimiento de su pr\u00e1ctica educativa.<\/li>\n<li>Participar de la gesti\u00f3n institucional desde el rol espec\u00edfico en el que se desempe\u00f1a.<\/li>\n<li>Impulsar la consolidaci\u00f3n de equipos de trabajo y mejoramiento de producciones pedag\u00f3gicas de acuerdo con el contexto social particular de la escuela secundaria y sus estudiantes.<\/li>\n<li>Conocer el dise\u00f1o curricular, sus fundamentos te\u00f3ricos, para optimizar sus propuestas de ense\u00f1anza, de evaluaci\u00f3n, adecu\u00e1ndose y atendiendo a la diversidad \u00e1ulica, a los tiempos y modos de aprendizaje de sus alumnos\/as.<\/li>\n<li>Reconocer la necesidad de mantenerse actualizado\/a en la formaci\u00f3n para la mejora constante.<\/li>\n<li>Poseer e instrumentar los criterios para construir estrategias de ense\u00f1anza que respondan a la complejidad de los procesos de aprendizaje y a la especificidad de los conocimientos disciplinares, tendientes al despliegue de pr\u00e1cticas educativas diversificadas.<\/li>\n<li>Interpretar y emplear diversos lenguajes y fuentes de conocimiento, reconociendo las dificultades intr\u00ednsecas del aprendizaje disciplinar.<\/li>\n  <\/ul>\n\n  <ul>\n    <li><a href=\"https:\/\/drive.google.com\/file\/d\/1hJ1Dhtn6ZMkxL4OulCuCwD5NaXecx2AX\/view?usp=sharing\" target=\"_blank\">\ud83d\udcc4 Dise\u00f1o curricular (2021)<\/a><\/li>\n    <li><a href=\"https:\/\/drive.google.com\/file\/d\/1MbO1_LEv0HQzWIoGYijQYARWT2fvgkC0\/view?usp=sharing\" target=\"_blank\">\ud83d\udcc4 Plan de estudios (2021)<\/a><\/li>\n    <li><a href=\"https:\/\/drive.google.com\/file\/d\/13Pp1xXxJDJiI6Ure-j_APouOOld_wP5P\/view?usp=sharing\" target=\"_blank\">\ud83d\udcc4 Dise\u00f1o curricular (2017)<\/a><\/li>\n    <li><a href=\"https:\/\/drive.google.com\/file\/d\/1cA0B3hwjshmK300gzbKHbtwQ4GRpz9SZ\/view?usp=sharing\" target=\"_blank\">\ud83d\udcc4 Plan de estudios (2017)<\/a><\/li>\n    <li><a href=\"https:\/\/drive.google.com\/file\/d\/1cWuaMf1K6w4pfZja-JvBLivSEg5XNviZ\/view?usp=sharing\" target=\"_blank\">\ud83d\udcc4 Resoluci\u00f3n MECCyT N\u00ba 554\/2020<\/a><\/li>\n    <li><a href=\"https:\/\/drive.google.com\/file\/d\/1VDKYQf8THmSBHLjpDnHtR3u-NG9O_AYp\/view?usp=sharing\" target=\"_blank\">\ud83d\udcc4 Correlatividades cohortes 2023 en adelante<\/a><\/li>\n    <li><a href=\"https:\/\/drive.google.com\/file\/d\/1pQu8MzzFD2scXDJ_UHd1BCiQwTA2sXVS\/view?usp=sharing\" target=\"_blank\">\ud83d\udcc4 Correlatividades cohortes 2022 y anteriores<\/a><\/li>\n  <\/ul>\n<\/div>\n","protected":false},"excerpt":{"rendered":"<p>Certificaci\u00f3n Docente para la Educaci\u00f3n Secundaria \u23f3 Duraci\u00f3n: 2 a\u00f1os \ud83c\udf93 T\u00edtulo a otorgar: En concurrencia con el t\u00edtulo de base, implica el acceso a la categor\u00eda docente en los espacios curriculares de acuerdo con el t\u00edtulo de base. \ud83d\udd52 Turno: Vespertino Normativa Nacional y Jurisdiccional La gesti\u00f3n institucional se enmarca en los lineamientos nacionales [&hellip;]<\/p>\n","protected":false},"author":1,"featured_media":0,"parent":0,"menu_order":0,"comment_status":"closed","ping_status":"closed","template":"","meta":{"footnotes":""},"class_list":["post-578","page","type-page","status-publish","hentry"],"_links":{"self":[{"href":"https:\/\/ipespaulofreire.edu.ar\/web\/wp-json\/wp\/v2\/pages\/578","targetHints":{"allow":["GET"]}}],"collection":[{"href":"https:\/\/ipespaulofreire.edu.ar\/web\/wp-json\/wp\/v2\/pages"}],"about":[{"href":"https:\/\/ipespaulofreire.edu.ar\/web\/wp-json\/wp\/v2\/types\/page"}],"author":[{"embeddable":true,"href":"https:\/\/ipespaulofreire.edu.ar\/web\/wp-json\/wp\/v2\/users\/1"}],"replies":[{"embeddable":true,"href":"https:\/\/ipespaulofreire.edu.ar\/web\/wp-json\/wp\/v2\/comments?post=578"}],"version-history":[{"count":12,"href":"https:\/\/ipespaulofreire.edu.ar\/web\/wp-json\/wp\/v2\/pages\/578\/revisions"}],"predecessor-version":[{"id":1807,"href":"https:\/\/ipespaulofreire.edu.ar\/web\/wp-json\/wp\/v2\/pages\/578\/revisions\/1807"}],"wp:attachment":[{"href":"https:\/\/ipespaulofreire.edu.ar\/web\/wp-json\/wp\/v2\/media?parent=578"}],"curies":[{"name":"wp","href":"https:\/\/api.w.org\/{rel}","templated":true}]}}