{"id":471,"date":"2024-09-26T19:57:31","date_gmt":"2024-09-26T22:57:31","guid":{"rendered":"https:\/\/www.siebenfamily.com\/?page_id=471"},"modified":"2025-08-20T19:13:36","modified_gmt":"2025-08-20T22:13:36","slug":"congreso-de-literacidad-critica","status":"publish","type":"page","link":"https:\/\/ipespaulofreire.edu.ar\/web\/congreso-de-literacidad-critica\/","title":{"rendered":"Congreso de Literacidad Cr\u00edtica"},"content":{"rendered":"\n<p>El Congreso de Literacidad Cr\u00edtica Medi\u00e1tica de las Am\u00e9ricas est\u00e1 comprometido con los ideales democr\u00e1ticos y los valores de justicia social. Nos relacionamos con los medios como un espacio dial\u00e9ctico de cr\u00edtica y celebraci\u00f3n.<\/p>\n<p>Los medios son herramientas complejas cuyos efectos no siempre coinciden con las intenciones. Los medios de comunicaci\u00f3n pueden promover la participaci\u00f3n democr\u00e1tica, apoyar la justicia social y brindar una alegr\u00eda considerable, pero pueden obstaculizar la democracia, avivar la violencia y manipular a las personas y a la sociedad.<\/p>\n<p>Nuestro objetivo para este congreso es facilitar el discurso cr\u00edtico sobre nuestra sociedad mediada con la intenci\u00f3n de profundizar nuestro entendimiento y apoyar el trabajo de cada uno en la transformaci\u00f3n de la sociedad para que sea socialmente m\u00e1s justa y ambientalmente sostenible.<\/p>\n","protected":false},"excerpt":{"rendered":"<p>El Congreso de Literacidad Cr\u00edtica Medi\u00e1tica de las Am\u00e9ricas est\u00e1 comprometido con los ideales democr\u00e1ticos y los valores de justicia social. Nos relacionamos con los medios como un espacio dial\u00e9ctico de cr\u00edtica y celebraci\u00f3n. Los medios son herramientas complejas cuyos efectos no siempre coinciden con las intenciones. Los medios de comunicaci\u00f3n pueden promover la participaci\u00f3n [&hellip;]<\/p>\n","protected":false},"author":1,"featured_media":0,"parent":0,"menu_order":0,"comment_status":"closed","ping_status":"closed","template":"","meta":{"footnotes":""},"class_list":["post-471","page","type-page","status-publish","hentry"],"_links":{"self":[{"href":"https:\/\/ipespaulofreire.edu.ar\/web\/wp-json\/wp\/v2\/pages\/471","targetHints":{"allow":["GET"]}}],"collection":[{"href":"https:\/\/ipespaulofreire.edu.ar\/web\/wp-json\/wp\/v2\/pages"}],"about":[{"href":"https:\/\/ipespaulofreire.edu.ar\/web\/wp-json\/wp\/v2\/types\/page"}],"author":[{"embeddable":true,"href":"https:\/\/ipespaulofreire.edu.ar\/web\/wp-json\/wp\/v2\/users\/1"}],"replies":[{"embeddable":true,"href":"https:\/\/ipespaulofreire.edu.ar\/web\/wp-json\/wp\/v2\/comments?post=471"}],"version-history":[{"count":6,"href":"https:\/\/ipespaulofreire.edu.ar\/web\/wp-json\/wp\/v2\/pages\/471\/revisions"}],"predecessor-version":[{"id":1878,"href":"https:\/\/ipespaulofreire.edu.ar\/web\/wp-json\/wp\/v2\/pages\/471\/revisions\/1878"}],"wp:attachment":[{"href":"https:\/\/ipespaulofreire.edu.ar\/web\/wp-json\/wp\/v2\/media?parent=471"}],"curies":[{"name":"wp","href":"https:\/\/api.w.org\/{rel}","templated":true}]}}