{"id":465,"date":"2024-09-26T19:55:14","date_gmt":"2024-09-26T22:55:14","guid":{"rendered":"https:\/\/www.siebenfamily.com\/?page_id=465"},"modified":"2025-09-15T18:54:44","modified_gmt":"2025-09-15T21:54:44","slug":"revista-ideario","status":"publish","type":"page","link":"https:\/\/ipespaulofreire.edu.ar\/web\/revista-ideario\/","title":{"rendered":"Revista Ideario"},"content":{"rendered":"\n<div class=\"wp-block-group alignwide post-ideario has-blue-50-background-color has-background is-layout-flow wp-block-group-is-layout-flow\" style=\"padding-top:2rem;padding-bottom:2rem;\">\n\n    \n    <p class=\"has-black-color has-text-color\" style=\"font-size:clamp(0.875rem, 0.875rem + ((1vw - 0.2rem) * 0.36), 1.1rem);\">\n        <strong><em>IDEARIO<\/em><\/strong> es la revista acad\u00e9mica de nuestro Instituto que busca acompa\u00f1ar, desde el inicio de la Formaci\u00f3n Docente, la vida acad\u00e9mica de la comunidad que integra el IPES Paulo Freire junto con la comunidad educativa fueguina en su conjunto.\n    <\/p>\n    \n\n    \n    <p class=\"has-black-color has-text-color\" style=\"font-size:clamp(0.875rem, 0.875rem + ((1vw - 0.2rem) * 0.36), 1.1rem);\">\n        En nuestra revista, estudiantes, docentes, pasantes e investigadores interesados en las tem\u00e1ticas propias de la educaci\u00f3n han sabido <strong>tomar la palabra<\/strong> para plasmar sus inquietudes, experiencias e investigaciones.\n    <\/p>\n    \n\n    \n    <p class=\"has-black-color has-text-color\" style=\"font-size:clamp(0.875rem, 0.875rem + ((1vw - 0.2rem) * 0.36), 1.1rem);\">\n        Sean bienvenidos todos los interesados a <strong>sumar, divulgar y participar<\/strong> en la construcci\u00f3n de conocimiento de inter\u00e9s pedag\u00f3gico, cultural y social.\n    <\/p>\n    \n\n<\/div>\n\n\n\n<figure class=\"wp-block-embed aligncenter is-type-video is-provider-youtube wp-block-embed-youtube wp-embed-aspect-16-9 wp-has-aspect-ratio\"><div class=\"wp-block-embed__wrapper\">\n<iframe loading=\"lazy\" title=\"Revista Acad\u00e9mica Ideario\" width=\"500\" height=\"281\" src=\"https:\/\/www.youtube.com\/embed\/Xlwx5aJjduQ?feature=oembed\" frameborder=\"0\" allow=\"accelerometer; autoplay; clipboard-write; encrypted-media; gyroscope; picture-in-picture; web-share\" referrerpolicy=\"strict-origin-when-cross-origin\" allowfullscreen><\/iframe>\n<\/div><\/figure>\n\n\n\n<figure class=\"wp-block-image aligncenter size-large\"><img decoding=\"async\" src=\"https:\/\/ipespaulofreire.edu.ar\/web\/wp-content\/uploads\/2025\/06\/ideario.png\" alt=\"\"\/><\/figure>\n\n\n\n<figure class=\"wp-block-image aligncenter size-large\"><a href=\"https:\/\/www.ipespaulofreire.edu.ar\/contenidos\/ideario\/\"><img decoding=\"async\" src=\"https:\/\/ipespaulofreire.edu.ar\/web\/wp-content\/uploads\/2025\/06\/magazine4.png\" alt=\"\"\/><\/a><\/figure>\n\n\n\n<p class=\"has-text-align-center has-medium-large-font-size\"><strong><a href=\"https:\/\/www.ipespaulofreire.edu.ar\/contenidos\/ideario\/\">Ir a la Revista Ideario<\/a><\/strong><\/p>\n\n\n\n<p><\/p>\n","protected":false},"excerpt":{"rendered":"<p>IDEARIO es la revista acad\u00e9mica de nuestro Instituto que busca acompa\u00f1ar, desde el inicio de la Formaci\u00f3n Docente, la vida acad\u00e9mica de la comunidad que integra el IPES Paulo Freire junto con la comunidad educativa fueguina en su conjunto. En nuestra revista, estudiantes, docentes, pasantes e investigadores interesados en las tem\u00e1ticas propias de la educaci\u00f3n [&hellip;]<\/p>\n","protected":false},"author":1,"featured_media":0,"parent":0,"menu_order":0,"comment_status":"closed","ping_status":"closed","template":"","meta":{"footnotes":""},"class_list":["post-465","page","type-page","status-publish","hentry"],"_links":{"self":[{"href":"https:\/\/ipespaulofreire.edu.ar\/web\/wp-json\/wp\/v2\/pages\/465","targetHints":{"allow":["GET"]}}],"collection":[{"href":"https:\/\/ipespaulofreire.edu.ar\/web\/wp-json\/wp\/v2\/pages"}],"about":[{"href":"https:\/\/ipespaulofreire.edu.ar\/web\/wp-json\/wp\/v2\/types\/page"}],"author":[{"embeddable":true,"href":"https:\/\/ipespaulofreire.edu.ar\/web\/wp-json\/wp\/v2\/users\/1"}],"replies":[{"embeddable":true,"href":"https:\/\/ipespaulofreire.edu.ar\/web\/wp-json\/wp\/v2\/comments?post=465"}],"version-history":[{"count":7,"href":"https:\/\/ipespaulofreire.edu.ar\/web\/wp-json\/wp\/v2\/pages\/465\/revisions"}],"predecessor-version":[{"id":1916,"href":"https:\/\/ipespaulofreire.edu.ar\/web\/wp-json\/wp\/v2\/pages\/465\/revisions\/1916"}],"wp:attachment":[{"href":"https:\/\/ipespaulofreire.edu.ar\/web\/wp-json\/wp\/v2\/media?parent=465"}],"curies":[{"name":"wp","href":"https:\/\/api.w.org\/{rel}","templated":true}]}}