{"id":3,"date":"2024-06-24T19:40:11","date_gmt":"2024-06-24T22:40:11","guid":{"rendered":"http:\/\/localhost\/wordpress\/?page_id=3"},"modified":"2025-05-30T18:23:59","modified_gmt":"2025-05-30T21:23:59","slug":"politica-privacidad","status":"publish","type":"page","link":"https:\/\/ipespaulofreire.edu.ar\/web\/politica-privacidad\/","title":{"rendered":"Pol\u00edtica de privacidad"},"content":{"rendered":"\n<figure class=\"wp-block-image aligncenter size-large is-resized\"><img loading=\"lazy\" decoding=\"async\" width=\"1024\" height=\"1024\" src=\"http:\/\/www.ipespaulofreire.com\/web\/wp-content\/uploads\/2025\/05\/3907317-1024x1024.jpg\" alt=\"\" class=\"wp-image-1310\" style=\"width:507px;height:auto\" srcset=\"https:\/\/ipespaulofreire.edu.ar\/web\/wp-content\/uploads\/2025\/05\/3907317-1024x1024.jpg 1024w, https:\/\/ipespaulofreire.edu.ar\/web\/wp-content\/uploads\/2025\/05\/3907317-300x300.jpg 300w, https:\/\/ipespaulofreire.edu.ar\/web\/wp-content\/uploads\/2025\/05\/3907317-150x150.jpg 150w, https:\/\/ipespaulofreire.edu.ar\/web\/wp-content\/uploads\/2025\/05\/3907317-768x768.jpg 768w, https:\/\/ipespaulofreire.edu.ar\/web\/wp-content\/uploads\/2025\/05\/3907317-1536x1536.jpg 1536w, https:\/\/ipespaulofreire.edu.ar\/web\/wp-content\/uploads\/2025\/05\/3907317.jpg 2000w\" sizes=\"auto, (max-width: 1024px) 100vw, 1024px\" \/><\/figure>\n\n\n\n<div class=\"politica-privacidad\" style=\"font-family: Arial, sans-serif; line-height: 1.6; color: #333;\">\n  <h2>\ud83d\udee1\ufe0f Pol\u00edtica de Privacidad<\/h2>\n  <p>La presente Pol\u00edtica de Privacidad establece los t\u00e9rminos en que <strong>I.P.E.S. &#8220;Paulo Freire&#8221;<\/strong> usa y protege la informaci\u00f3n que es proporcionada por sus usuarios al momento de utilizar su sitio web. EL Instituto de Formaci\u00f3n Docente est\u00e1 comprometido con la seguridad de los datos de sus usuarios. Cuando le pedimos llenar los campos de informaci\u00f3n personal con la cual usted pueda ser identificado, lo hacemos asegurando que s\u00f3lo se emplear\u00e1 de acuerdo con los t\u00e9rminos de este documento. Sin embargo esta Pol\u00edtica de Privacidad puede cambiar con el tiempo o ser actualizada por lo que le recomendamos y enfatizamos revisar continuamente esta p\u00e1gina para asegurarse que est\u00e1 de acuerdo con dichos cambios.<\/p>\n\n  <h3>\u2139\ufe0f Uso de la informaci\u00f3n recogida<\/h3>\n  <p>Nuestro sitio web emplea la informaci\u00f3n con el fin de proporcionar el mejor servicio posible, particularmente para mantener un registro de usuarios y mejorar nuestros servicios. El <strong>I.P.E.S. &#8220;Paulo Freire&#8221;<\/strong> est\u00e1 altamente comprometido para cumplir con el compromiso de mantener su informaci\u00f3n segura. Usamos los sistemas m\u00e1s avanzados y los actualizamos constantemente para asegurarnos que no exista ning\u00fan acceso no autorizado.<\/p>\n\n  <h3>\ud83c\udf6a Cookies<\/h3>\n  <p>Una cookie se refiere a un archivo que es enviado con la finalidad de solicitar permiso para almacenarse en su dispositivo, al aceptar dicho archivo se crea y la cookie sirve entonces para tener informaci\u00f3n respecto al tr\u00e1fico web, y tambi\u00e9n facilita las futuras visitas recurrentes. Otra funci\u00f3n que tienen las cookies es que con ellas la web pueden reconocerte individualmente y por tanto brindarte el mejor servicio personalizado.<\/p>\n  <p>Nuestro sitio web emplea las cookies para poder identificar las p\u00e1ginas que son visitadas y su frecuencia. Esta informaci\u00f3n es empleada \u00fanicamente para an\u00e1lisis estad\u00edstico y despu\u00e9s la informaci\u00f3n se elimina de forma permanente. Usted puede eliminar las cookies en cualquier momento desde su ordenador. Sin embargo las cookies ayudan a proporcionar un mejor servicio de los sitios web, \u00e9stas no dan acceso a informaci\u00f3n de su dispositivo ni de usted. Usted puede aceptar o negar el uso de cookies, sin embargo la mayor\u00eda de navegadores aceptan cookies autom\u00e1ticamente pues sirve para tener un mejor servicio web. Tambi\u00e9n usted puede cambiar la configuraci\u00f3n de su dispositivo para declinar las cookies. Si se declinan es posible que no pueda utilizar algunos de nuestros servicios.<\/p>\n\n  <h3>\ud83d\udd17 Enlaces a Terceros<\/h3>\n  <p>Este sitio web tiene enlaces a otros sitios que pudieran ser de su inter\u00e9s. Una vez que usted de clic en estos enlaces y abandone nuestra p\u00e1gina, ya no tenemos control sobre el sitio al que es redirigido y por lo tanto no somos responsables de los t\u00e9rminos o privacidad ni de la protecci\u00f3n de sus datos en esos otros sitios de terceros. Dichos sitios est\u00e1n sujetos a sus propias pol\u00edticas de privacidad por lo cual es recomendable que los consulte para confirmar que usted est\u00e1 de acuerdo con estas.<\/p>\n\n  <h3>\ud83d\udd12 Control de su informaci\u00f3n personal<\/h3>\n  <p>El Instituto de Formaci\u00f3n Docente no ceder\u00e1 ni distribuir\u00e1 informaci\u00f3n personal recopilada, salvo que sea requerido por un juez con un orden judicial.<\/p>\n\n  <p>El <strong>I.P.E.S. &#8220;Paulo Freire&#8221;<\/strong> se reserva el derecho de cambiar los t\u00e9rminos de la presente Pol\u00edtica de Privacidad en cualquier momento.<\/p>\n<\/div>\n\n","protected":false},"excerpt":{"rendered":"<p>\ud83d\udee1\ufe0f Pol\u00edtica de Privacidad La presente Pol\u00edtica de Privacidad establece los t\u00e9rminos en que I.P.E.S. &#8220;Paulo Freire&#8221; usa y protege la informaci\u00f3n que es proporcionada por sus usuarios al momento de utilizar su sitio web. EL Instituto de Formaci\u00f3n Docente est\u00e1 comprometido con la seguridad de los datos de sus usuarios. Cuando le pedimos llenar [&hellip;]<\/p>\n","protected":false},"author":1,"featured_media":0,"parent":0,"menu_order":0,"comment_status":"closed","ping_status":"open","template":"","meta":{"footnotes":""},"class_list":["post-3","page","type-page","status-publish","hentry"],"_links":{"self":[{"href":"https:\/\/ipespaulofreire.edu.ar\/web\/wp-json\/wp\/v2\/pages\/3","targetHints":{"allow":["GET"]}}],"collection":[{"href":"https:\/\/ipespaulofreire.edu.ar\/web\/wp-json\/wp\/v2\/pages"}],"about":[{"href":"https:\/\/ipespaulofreire.edu.ar\/web\/wp-json\/wp\/v2\/types\/page"}],"author":[{"embeddable":true,"href":"https:\/\/ipespaulofreire.edu.ar\/web\/wp-json\/wp\/v2\/users\/1"}],"replies":[{"embeddable":true,"href":"https:\/\/ipespaulofreire.edu.ar\/web\/wp-json\/wp\/v2\/comments?post=3"}],"version-history":[{"count":10,"href":"https:\/\/ipespaulofreire.edu.ar\/web\/wp-json\/wp\/v2\/pages\/3\/revisions"}],"predecessor-version":[{"id":1315,"href":"https:\/\/ipespaulofreire.edu.ar\/web\/wp-json\/wp\/v2\/pages\/3\/revisions\/1315"}],"wp:attachment":[{"href":"https:\/\/ipespaulofreire.edu.ar\/web\/wp-json\/wp\/v2\/media?parent=3"}],"curies":[{"name":"wp","href":"https:\/\/api.w.org\/{rel}","templated":true}]}}