{"id":1414,"date":"2025-06-05T19:45:13","date_gmt":"2025-06-05T22:45:13","guid":{"rendered":"https:\/\/www.siebenfamily.com\/?page_id=1414"},"modified":"2025-06-05T19:46:41","modified_gmt":"2025-06-05T22:46:41","slug":"attp","status":"publish","type":"page","link":"https:\/\/ipespaulofreire.edu.ar\/web\/attp\/","title":{"rendered":"ATTP"},"content":{"rendered":"\n<article>\n  <h5>Son funciones del Ayudante T\u00e9cnico de Trabajos Pr\u00e1cticos de Laboratorio de Ciencias Naturales e Inform\u00e1tica:<\/h5>\n  <ol type=\"a\">\n    <li>Presentar al inicio del Ciclo Lectivo un plan de acciones articulando las mismas con los Coordinadores de Carrera a fin de fortalecer la ense\u00f1anza de los contenidos a desarrollar durante dicho per\u00edodo.<\/li>\n    <li>Realizar, al finalizar el Ciclo Lectivo, la autoevaluaci\u00f3n pertinente y presentar informe al Coordinador del Departamento de Formaci\u00f3n Inicial.<\/li>\n    <li>Atender las demandas de los docentes del Instituto en cuanto a la realizaci\u00f3n de las actividades experimentales, colaborando en la realizaci\u00f3n de la misma.<\/li>\n    <li>Realizar un trabajo pedag\u00f3gico articulado con el referente institucional de Programas Nacionales o Provinciales vinculado con el uso de la Tecnolog\u00eda de la Informaci\u00f3n y Comunicaci\u00f3n, por ejemplo el programa de Conectar Igualdad o el de Inclusi\u00f3n Digital.<\/li>\n    <li>Asesorar a los alumnos, poner en pr\u00e1ctica y evaluar las actividades experimentales en el marco de las acciones formativas que les demanden sus profesores.<\/li>\n    <li>Inventariar el material a su cargo y mantenerlo actualizado.<\/li>\n    <li>Informar de las novedades pertinentes y realizar los pedidos de reposici\u00f3n o ampliaci\u00f3n que las actividades demanden.<\/li>\n    <li>Llevar un registro de las actividades realizadas.<\/li>\n    <li>Recopilar, informar y actualizar informaci\u00f3n sobre normas de uso y seguridad en el \u00e1mbito de desarrollo de las actividades experimentales.<\/li>\n    <li>Preparar material necesario para la realizaci\u00f3n de las clases pr\u00e1cticas con la antelaci\u00f3n necesaria para que las mismas se desarrollen sin inconvenientes ni demoras.<\/li>\n    <li>Promover la realizaci\u00f3n de actividades experimentales en las diferentes carreras proponiendo a Coordinadores de las diferentes \u00e1reas, las acciones que crea conveniente.<\/li>\n    <li>Propiciar espacios de Desarrollo Profesional Docente, internos y externos a la instituci\u00f3n.<\/li>\n  <\/ol>\n<\/article>\n","protected":false},"excerpt":{"rendered":"<p>Son funciones del Ayudante T\u00e9cnico de Trabajos Pr\u00e1cticos de Laboratorio de Ciencias Naturales e Inform\u00e1tica: Presentar al inicio del Ciclo Lectivo un plan de acciones articulando las mismas con los Coordinadores de Carrera a fin de fortalecer la ense\u00f1anza de los contenidos a desarrollar durante dicho per\u00edodo. Realizar, al finalizar el Ciclo Lectivo, la autoevaluaci\u00f3n [&hellip;]<\/p>\n","protected":false},"author":1,"featured_media":0,"parent":0,"menu_order":0,"comment_status":"closed","ping_status":"closed","template":"","meta":{"footnotes":""},"class_list":["post-1414","page","type-page","status-publish","hentry"],"_links":{"self":[{"href":"https:\/\/ipespaulofreire.edu.ar\/web\/wp-json\/wp\/v2\/pages\/1414","targetHints":{"allow":["GET"]}}],"collection":[{"href":"https:\/\/ipespaulofreire.edu.ar\/web\/wp-json\/wp\/v2\/pages"}],"about":[{"href":"https:\/\/ipespaulofreire.edu.ar\/web\/wp-json\/wp\/v2\/types\/page"}],"author":[{"embeddable":true,"href":"https:\/\/ipespaulofreire.edu.ar\/web\/wp-json\/wp\/v2\/users\/1"}],"replies":[{"embeddable":true,"href":"https:\/\/ipespaulofreire.edu.ar\/web\/wp-json\/wp\/v2\/comments?post=1414"}],"version-history":[{"count":3,"href":"https:\/\/ipespaulofreire.edu.ar\/web\/wp-json\/wp\/v2\/pages\/1414\/revisions"}],"predecessor-version":[{"id":1417,"href":"https:\/\/ipespaulofreire.edu.ar\/web\/wp-json\/wp\/v2\/pages\/1414\/revisions\/1417"}],"wp:attachment":[{"href":"https:\/\/ipespaulofreire.edu.ar\/web\/wp-json\/wp\/v2\/media?parent=1414"}],"curies":[{"name":"wp","href":"https:\/\/api.w.org\/{rel}","templated":true}]}}