{"id":121,"date":"2024-08-05T19:10:46","date_gmt":"2024-08-05T22:10:46","guid":{"rendered":"https:\/\/www.siebenfamily.com\/?page_id=121"},"modified":"2025-08-07T19:21:23","modified_gmt":"2025-08-07T22:21:23","slug":"extension-y-d-p-d","status":"publish","type":"page","link":"https:\/\/ipespaulofreire.edu.ar\/web\/extension-y-d-p-d\/","title":{"rendered":"Extensi\u00f3n y Desarrollo Profesional Docente"},"content":{"rendered":"\n<figure class=\"wp-block-image size-large\"><img decoding=\"async\" src=\"https:\/\/ipespaulofreire.edu.ar\/web\/wp-content\/uploads\/2025\/06\/extension-1024x222.png\" alt=\"\"\/><\/figure>\n\n\n\n<div class=\"wp-block-group alignwide post-desarrollo-profesional has-blue-50-background-color has-background is-layout-flow wp-block-group-is-layout-flow\" style=\"padding-top:2rem;padding-bottom:2rem;\">\n\n    \n    <p class=\"has-black-color has-text-color\" style=\"font-size:clamp(0.875rem, 0.875rem + ((1vw - 0.2rem) * 0.36), 1.1rem);\">\n        El Departamento de Desarrollo Profesional Docente y Extensi\u00f3n tiene como objetivo central la planificaci\u00f3n, organizaci\u00f3n y gesti\u00f3n de actividades orientadas a la formaci\u00f3n continua de docentes. En este marco, responde a demandas espec\u00edficas provenientes del instituto formador, las instituciones asociadas y de pol\u00edticas educativas del Ministerio de Educaci\u00f3n de la provincia.\n    <\/p>\n    \n\n    \n    <h3 class=\"wp-block-heading\">Acciones en formaci\u00f3n docente continua<\/h3>\n    \n\n    \n    <ul class=\"wp-block-list\">\n        <li>Coordinaci\u00f3n de seminarios y ateneos pedag\u00f3gicos.<\/li>\n        <li>Gesti\u00f3n de encuentros de intercambio profesional y t\u00e9cnico.<\/li>\n        <li>Producci\u00f3n de documentaci\u00f3n para acreditaci\u00f3n de trayectos formativos espec\u00edficos.<\/li>\n        <li>Difusi\u00f3n de experiencias pedag\u00f3gicas y art\u00edculos acad\u00e9micos a trav\u00e9s de la revista acad\u00e9mica \u201cIDEARIO\u201d.<\/li>\n    <\/ul>\n    \n\n    \n    <h3 class=\"wp-block-heading\">Acciones de extensi\u00f3n comunitaria<\/h3>\n    \n\n    \n    <ul class=\"wp-block-list\">\n        <li>Gesti\u00f3n del Centro de Idiomas, con oferta gratuita de ingl\u00e9s, franc\u00e9s, portugu\u00e9s, italiano y chino.<\/li>\n        <li>Organizaci\u00f3n de talleres culturales: guitarra, ukelele, folclore y el ensamble vocal \u201cOSHEN\u201d.<\/li>\n        <li>Administraci\u00f3n de la Galer\u00eda de Arte \u201cNin\u00ed Bernardelo\u201d, espacio destinado a la exhibici\u00f3n anual de obras de artistas locales.<\/li>\n    <\/ul>\n    \n\n<\/div>\n","protected":false},"excerpt":{"rendered":"<p>El Departamento de Desarrollo Profesional Docente y Extensi\u00f3n tiene como objetivo central la planificaci\u00f3n, organizaci\u00f3n y gesti\u00f3n de actividades orientadas a la formaci\u00f3n continua de docentes. En este marco, responde a demandas espec\u00edficas provenientes del instituto formador, las instituciones asociadas y de pol\u00edticas educativas del Ministerio de Educaci\u00f3n de la provincia. Acciones en formaci\u00f3n docente [&hellip;]<\/p>\n","protected":false},"author":1,"featured_media":0,"parent":0,"menu_order":0,"comment_status":"closed","ping_status":"closed","template":"","meta":{"footnotes":""},"class_list":["post-121","page","type-page","status-publish","hentry"],"_links":{"self":[{"href":"https:\/\/ipespaulofreire.edu.ar\/web\/wp-json\/wp\/v2\/pages\/121","targetHints":{"allow":["GET"]}}],"collection":[{"href":"https:\/\/ipespaulofreire.edu.ar\/web\/wp-json\/wp\/v2\/pages"}],"about":[{"href":"https:\/\/ipespaulofreire.edu.ar\/web\/wp-json\/wp\/v2\/types\/page"}],"author":[{"embeddable":true,"href":"https:\/\/ipespaulofreire.edu.ar\/web\/wp-json\/wp\/v2\/users\/1"}],"replies":[{"embeddable":true,"href":"https:\/\/ipespaulofreire.edu.ar\/web\/wp-json\/wp\/v2\/comments?post=121"}],"version-history":[{"count":7,"href":"https:\/\/ipespaulofreire.edu.ar\/web\/wp-json\/wp\/v2\/pages\/121\/revisions"}],"predecessor-version":[{"id":1796,"href":"https:\/\/ipespaulofreire.edu.ar\/web\/wp-json\/wp\/v2\/pages\/121\/revisions\/1796"}],"wp:attachment":[{"href":"https:\/\/ipespaulofreire.edu.ar\/web\/wp-json\/wp\/v2\/media?parent=121"}],"curies":[{"name":"wp","href":"https:\/\/api.w.org\/{rel}","templated":true}]}}